ase 13, what is -7 - 20?
-27
In base 13, what is -2 - -166?
164
In base 2, what is -101001 - -11?
-100110
In base 7, what is -42 + -11?
-53
In base 3, what is 2202022 + -1?
2202021
In base 8, what is 161 + -16?
143
In base 7, what is 336 + -16?
320
In base 12, what is 0 - 14?
-14
In base 14, what is -4 - 17?
-1b
In base 5, what is -42212 - 12?
-42224
In base 15, what is -48 - -1?
-47
In base 3, what is -1 + 1212201?
1212200
In base 13, what is 1a - 18?
2
In base 6, what is -21 + 1312?
1251
In base 16, what is -4 + -3?
-7
In base 5, what is -431 - 30?
-1011
In base 12, what is 10 - -64?
74
In base 8, what is -1 - 100?
-101
In base 8, what is 153 - -2?
155
In base 9, what is -4 + -437?
-442
In base 7, what is 1 - 1320?
-1316
In base 12, what is -4 + -2a?
-32
In base 9, what is 68 - -3?
72
In base 12, what is -4426 + 5?
-4421
In base 5, what is 33 + 122?
210
In base 8, what is 14021 - -3?
14024
In base 13, what is 6 + 50?
56
In base 9, what is -41 - -32?
-8
In base 6, what is 11 - 2?
5
In base 5, what is 2 - 103240?
-103233
In base 9, what is -24 - 6?
-31
In base 13, what is 5 + 0?
5
In base 8, what is -17702 + 2?
-17700
In base 8, what is 3 + -52?
-47
In base 5, what is -3 - 10222?
-10230
In base 3, what is -11 + 11212?
11201
In base 13, what is -9 - -56?
4a
In base 4, what is 11 - -1230?
1301
In base 6, what is -3 - 15335?
-15342
In base 6, what is 24520 + 4?
24524
In base 4, what is 21303 - -12?
21321
In base 10, what is -845 + -5?
-850
In base 13, what is 8 + -b21?
-b16
In base 2, what is 10110 + -1111?
111
In base 16, what is -11f + 4?
-11b
In base 5, what is -3042 + -1?
-3043
In base 7, what is 3 - 1113?
-1110
In base 13, what is -7 - -44b?
444
In base 7, what is -5 + 125?
120
In base 2, what is 0 - 101001001001?
-101001001001
In base 3, what is -12 - -20011?
12222
In base 14, what is 857 + 3?
85a
In base 6, what is 54 + 2?
100
In base 11, what is -6 + 2?
-4
In base 9, what is 6746 + 2?
6748
In base 6, what is -201 - 302?
-503
In base 2, what is 111 - -111?
1110
In base 3, what is 2 + 110000?
110002
In base 12, what is -1a1 + 2?
-19b
In base 2, what is -1000011 - 11?
-1000110
In base 5, what is 30 - -30?
110
In base 8, what is 14 + 1137?
1153
In base 3, what is -12 - -10220?
10201
In base 12, what is 7 + a9?
b4
In base 5, what is -2 - 4200?
-4202
In base 16, what is -6 - -6b?
65
In base 4, what is 1112 - 11?
1101
In base 10, what is 26 + 2?
28
In base 11, what is a + -5?
5
In base 16, what is 3 - 9e?
-9b
In base 11, what is 1 - -108?
109
In base 15, what is 110 + 9?
119
In base 9, what is 5 + 360?
365
In base 3, what is 1 - -202?
210
In base 15, what is 3e + 4?
43
In base 8, what is 132 + 3?
135
In base 7, what is -102 + 3?
-66
In base 6, what is -5 + -2222?
-2231
In base 14, what is -d + -48?
-57
In base 6, what is -1550 + -1?
-1551
In base 11, what is 0 + -3?
-3
In base 14, what is 7bb - -1?
7bc
In base 8, what is -6 - 1303?
-1311
In base 11, what is 183 - 1?
182
In base 2, what is -11110 + 10101?
-1001
In base 10, what is 56 + 4?
60
In base 4, what is -210 + -1003?
-1213
In base 8, what is -5 - 43?
-50
In base 6, what is -1 - 30?
-31
In base 3, what is 2 - -1011221?
1012000
In base 14, what is -2 - 60?
-62
In base 13, what is 2 + 34?
36
In base 8, what is -75 - 4?
-101
In base 10, what is 35 + -3?
32
In base 6, what is 2 + 23?
25
In base 3, what is -10 - 122?
-202
In base 9, what is -3 + -50?
-53
In base 2, what is 1011000011001 - 11?
1011000010110
In base 7, what is -112 + 1?
-111
In base 4, what is 10 + -220?
-210
In base 16, what is 12 - -1a1?
1b3
In base 8, what is -554 + 1?
-553
In base 13, what is 1a92 + -5?
1a8a
In base 8, what is 641 + 1?
642
In base 14, what is -a - 1c6?
-1d2
In base 2, what is 101 + 101111?
110100
In base 9, what is 6 - 6?
0
In base 9, what is 66 - -5?
72
In base 16, what is 11 + -c?
5
In base 6, what is -3 - -42?
35
In base 4, what is 2 - 21220?
-21212
In base 14, what is -16 + -c0?
-d6
In base 11, what is -78 + 0?
-78
In base 6, what is -1355 + -232?
-2031
In base 15, what is 8 - 0?
8
In base 7, what is -5 - 316?
-324
In base 12, what is b + 14?
23
In base 15, what is 27 - -1a?
42
In base 15, what is -b3 - -43?
-70
In base 15, what is -17 - 0?
-17
In base 14, what is 89 - 4?
85
In base 3, what is -1 - -1220?
1212
In base 5, what is 1 - -2142?
2143
In base 2, what is 11 + 1011000?
1011011
In base 13, what is 2 - 56?
-54
In base 9, what is 2 + 212?
214
In base 3, what is -1 + -11122?
-11200
In base 12, what is 657 + 6?
661
In base 11, what is -66 - 2?
-68
In base 3, what is 1 - 211020?
-211012
In base 15, what is -ae + c?
-a2
In base 10, what is -253 + 4?
-249
In base 14, what is -474c + 2?
-474a
In base 4, what is 13 + -311?
-232
In base 3, what is 21 + 100?
121
In base 8, what is 1041 - 4?
1035
In base 2, what is -1010000 - 100111?
-1110111
In base 5, what is -142304 - -10?
-142244
In base 5, what is -31 - -144?
113
In base 7, what is -2 + -12665?
-13000
In base 4, what is -10221 + -3?
-10230
In base 11, what is 1 + 3?
4
In base 9, what is 43 - 14?
28
In base 13, what is 1 + 454?
455
In base 6, what is -4 - 23?
-31
In base 14, what is -1 + -12b?
-12c
In base 10, what is -4 + 107?
103
In base 11, what is -1a + 18?
-2
In base 15, what is -1bd - 42?
-210
In base 12, what is -b - -1366?
1357
In base 14, what is 4 + -31?
-2b
In base 13, what is 4 + -24?
-20
In base 7, what is -444 - 0?
-444
In base 16, what is 7 - -6?
d
In base 2, what is 101 + -11111000101?
-11111000000
In base 4, what is -12 - -10?
-2
In base 12, what is 3a56 + 3?
3a59
In base 3, what is 210 + 11?
221
In base 12, what is -3a + 3?
-37
In base 16, what is -1d3 - -5?
-1ce
In base 3, what is 112021110 + -2?
112021101
In base 13, what is 18 - -23?
3b
In base 2, what is -111111 - -10?
-111101
In base 8, what is 0 + 3502?
3502
In base 11, what is -1 + -a8?
-a9
In base 8, what is -37 + 1?
-36
In base 12, what is -19 + -151?
-16a
In base 8, what is -12 + 20?
6
In base 3, what is -2 - 11122120?
-11122122
In base 5, what is 0 + -4133?
-4133
In base 7, what is 6 + -3006?
-3000
In base 2, what is 110101010 - -10?
110101100
In base 10, what is 57 - -2?
59
In base 9, what is -5262 + 3?
-5258
In base 6, what is 3 - 243?
-240
In base 7, what is -1 + 105?
104
In base 2, what is 10011 - -110?
11001
In base 14, what is -4 - 7a7?
-7ab
In base 16, what is 50d + -4?
509
In base 8, what is -13461 + 5?
-13454
In base 5, what is -2124 + -21?
-2200
In base 16, what is -1602 - 4?
-1606
In base 6, what is -4 + -354?
-402
In base 3, what is -1120 - 1010?
-2200
In base 10, what is 1 + 70?
71
In base 2, what is -1000001 - 1000?
-1001001
In base 2, what is 10 + 11010010110?
11010011000
In base 8, what is 45 - -14?
61
In base 11, what is 697 - -2?
699
In base 13, what is -8c1 + -3?
-8c4
In base 11, what is 11 - -71?
82
In base 5, what is 321 - 23?
243
In base 11, what is -6 - -133?
128
In base 12, what is 0 + -1380?
-1380
In base 14, what is -25 + 5?
-20
In base 6, what is 2 - -23?
25
In base 2, what is 1011110 + 10?
1100000
In base 8, what is 2 - -3350?
3352
In base 11, what is -313 + 7?
-307
In base 12, what is 3 + -285?
-282
In base 2, what is -1011 - -10000?
101
In base 3, what is -1022010 - 0?
-1022010
In base 12, what is 5 - -1b?
24
In base 16, what is 906 - 2?
904
In base 10, what is -733 + -4?
-737
In base 3, what is -12 + 2021?
2002
In base 12, what is -5 - 23?
-28
In base 16, what is 24 + 48?
6c
In base 15, what is -27c9 - -2?
-27c7
In base 12, what is -4 + -4?
-8
In base 4, what is -10 + -2230?
-2300
In base 8, what is 271 + 10?
301
In base 12, what is a - 9?
1
In base 13, what is -713 - 4?
-717
In base 8, what is -1642 - 0?
-1642
In base 4, what is 320 - -100?
1020
In base 8, what is 5 + -63?
-56
In base 8, what is -3 - -6351?
6346
In base 9, what is 1 + -73?
-72
In base 5, what is -14 + -2120?
-2134
In base 2, what is 1001101010 - -11010?
1010000100
In base 7, what is -65 + 43?
-22
In base 10, what is -115 + -3?
-118
In base 5, what is 322 - 2?
320
In base 2, what is 110111 - 1111011?
-1000100
In base 3, what is -1220112 + -10?
-1220122
In base 15, what is -4a - 3?
-4d
In base 6, what is -5 + -2421?
-2430
In base 5, what is 3323 - -10?
3333
In base 6, what is -212 + 3?
-205
In base 7, what is -22 - 112?
-134
In base 15, what is -3 - 65d?
-661
In base 14, what i